[INFO] cloning repository https://github.com/andrewcameronsims/gday
[INFO] running `Command { std: "git" "-c" "credential.helper=" "-c" "credential.helper=/workspace/cargo-home/bin/git-credential-null" "clone" "--bare" "https://github.com/andrewcameronsims/gday" "/workspace/cache/git-repos/https%3A%2F%2Fgithub.com%2Fandrewcameronsims%2Fgday", kill_on_drop: false }`
[INFO] [stderr] Cloning into bare repository '/workspace/cache/git-repos/https%3A%2F%2Fgithub.com%2Fandrewcameronsims%2Fgday'...
[INFO] running `Command { std: "git" "rev-parse" "HEAD", kill_on_drop: false }`
[INFO] [stdout] dcebecb6c6b6945b5af4400a9bda39dac2d79a12
[INFO] checking andrewcameronsims/gday against try#72f88fc4e9458f89516a0b8b0868f3718aec5b47 for pr-74989
[INFO] running `Command { std: "git" "clone" "/workspace/cache/git-repos/https%3A%2F%2Fgithub.com%2Fandrewcameronsims%2Fgday" "/workspace/builds/worker-1/source", kill_on_drop: false }`
[INFO] [stderr] Cloning into '/workspace/builds/worker-1/source'...
[INFO] [stderr] done.
[INFO] validating manifest of git repo https://github.com/andrewcameronsims/gday on toolchain 72f88fc4e9458f89516a0b8b0868f3718aec5b47
[INFO] running `Command { std: "/workspace/cargo-home/bin/cargo" "+72f88fc4e9458f89516a0b8b0868f3718aec5b47" "read-manifest" "--manifest-path" "Cargo.toml", kill_on_drop: false }`
[INFO] started tweaking git repo https://github.com/andrewcameronsims/gday
[INFO] finished tweaking git repo https://github.com/andrewcameronsims/gday
[INFO] tweaked toml for git repo https://github.com/andrewcameronsims/gday written to /workspace/builds/worker-1/source/Cargo.toml
[INFO] crate git repo https://github.com/andrewcameronsims/gday already has a lockfile, it will not be regenerated
[INFO] running `Command { std: "/workspace/cargo-home/bin/cargo" "+72f88fc4e9458f89516a0b8b0868f3718aec5b47" "fetch" "--locked" "--manifest-path" "Cargo.toml", kill_on_drop: false }`
[INFO] [stderr]  Downloading crates ...
[INFO] [stderr]   Downloaded hyper-native-tls v0.3.0
[INFO] [stderr]   Downloaded twilio v0.1.3
[INFO] running `Command { std: "docker" "create" "-v" "/var/lib/crater-agent-workspace/builds/worker-1/target:/opt/rustwide/target:rw,Z" "-v" "/var/lib/crater-agent-workspace/builds/worker-1/source:/opt/rustwide/workdir:ro,Z" "-v" "/var/lib/crater-agent-workspace/cargo-home:/opt/rustwide/cargo-home:ro,Z" "-v" "/var/lib/crater-agent-workspace/rustup-home:/opt/rustwide/rustup-home:ro,Z" "-e" "SOURCE_DIR=/opt/rustwide/workdir" "-e" "CARGO_TARGET_DIR=/opt/rustwide/target" "-e" "CARGO_HOME=/opt/rustwide/cargo-home" "-e" "RUSTUP_HOME=/opt/rustwide/rustup-home" "-w" "/opt/rustwide/workdir" "-m" "1610612736" "--user" "0:0" "--network" "none" "rustops/crates-build-env@sha256:d92eaeed33fa75130ca1ee6c8a01d1ffb62bac859dfdfb3450e3e5d1c0146529" "/opt/rustwide/cargo-home/bin/cargo" "+72f88fc4e9458f89516a0b8b0868f3718aec5b47" "metadata" "--no-deps" "--format-version=1", kill_on_drop: false }`
[INFO] [stdout] a4e0f7747f47fe54fa14eac7983a75fe510dbe8a30591b4e3bceb530d0fe1894
[INFO] [stderr] WARNING: Your kernel does not support swap limit capabilities or the cgroup is not mounted. Memory limited without swap.
[INFO] running `Command { std: "docker" "start" "-a" "a4e0f7747f47fe54fa14eac7983a75fe510dbe8a30591b4e3bceb530d0fe1894", kill_on_drop: false }`
[INFO] running `Command { std: "docker" "inspect" "a4e0f7747f47fe54fa14eac7983a75fe510dbe8a30591b4e3bceb530d0fe1894", kill_on_drop: false }`
[INFO] running `Command { std: "docker" "rm" "-f" "a4e0f7747f47fe54fa14eac7983a75fe510dbe8a30591b4e3bceb530d0fe1894", kill_on_drop: false }`
[INFO] [stdout] a4e0f7747f47fe54fa14eac7983a75fe510dbe8a30591b4e3bceb530d0fe1894
[INFO] running `Command { std: "docker" "create" "-v" "/var/lib/crater-agent-workspace/builds/worker-1/target:/opt/rustwide/target:rw,Z" "-v" "/var/lib/crater-agent-workspace/builds/worker-1/source:/opt/rustwide/workdir:ro,Z" "-v" "/var/lib/crater-agent-workspace/cargo-home:/opt/rustwide/cargo-home:ro,Z" "-v" "/var/lib/crater-agent-workspace/rustup-home:/opt/rustwide/rustup-home:ro,Z" "-e" "SOURCE_DIR=/opt/rustwide/workdir" "-e" "CARGO_TARGET_DIR=/opt/rustwide/target" "-e" "CARGO_INCREMENTAL=0" "-e" "RUST_BACKTRACE=full" "-e" "RUSTFLAGS=--cap-lints=forbid" "-e" "CARGO_HOME=/opt/rustwide/cargo-home" "-e" "RUSTUP_HOME=/opt/rustwide/rustup-home" "-w" "/opt/rustwide/workdir" "-m" "1610612736" "--user" "0:0" "--network" "none" "rustops/crates-build-env@sha256:d92eaeed33fa75130ca1ee6c8a01d1ffb62bac859dfdfb3450e3e5d1c0146529" "/opt/rustwide/cargo-home/bin/cargo" "+72f88fc4e9458f89516a0b8b0868f3718aec5b47" "check" "--frozen" "--all" "--all-targets" "--message-format=json", kill_on_drop: false }`
[INFO] [stdout] 66b78b493f73f1cdaa532b233dce6c9f4657cfb65f80049d749d4dd679f0f52f
[INFO] [stderr] WARNING: Your kernel does not support swap limit capabilities or the cgroup is not mounted. Memory limited without swap.
[INFO] running `Command { std: "docker" "start" "-a" "66b78b493f73f1cdaa532b233dce6c9f4657cfb65f80049d749d4dd679f0f52f", kill_on_drop: false }`
[INFO] [stderr]    Compiling version_check v0.1.5
[INFO] [stderr]     Checking matches v0.1.8
[INFO] [stderr]    Compiling httparse v1.3.4
[INFO] [stderr]    Compiling openssl v0.10.30
[INFO] [stderr]    Compiling native-tls v0.2.4
[INFO] [stderr]     Checking percent-encoding v1.0.1
[INFO] [stderr]    Compiling syn v1.0.39
[INFO] [stderr]     Checking openssl-probe v0.1.2
[INFO] [stderr]     Checking unicode-width v0.1.8
[INFO] [stderr]     Checking safemem v0.2.0
[INFO] [stderr]     Checking antidote v1.0.0
[INFO] [stderr]     Checking ansi_term v0.11.0
[INFO] [stderr]     Checking vec_map v0.8.2
[INFO] [stderr]    Compiling openssl-sys v0.9.58
[INFO] [stderr]    Compiling rust-crypto v0.2.36
[INFO] [stderr]     Checking unicode-bidi v0.3.4
[INFO] [stderr]     Checking log v0.4.11
[INFO] [stderr]     Checking textwrap v0.11.0
[INFO] [stderr]     Checking base64 v0.6.0
[INFO] [stderr]     Checking time v0.1.43
[INFO] [stderr]     Checking rand v0.4.6
[INFO] [stderr]     Checking serde_json v1.0.57
[INFO] [stderr]     Checking clap v2.33.3
[INFO] [stderr]     Checking idna v0.1.5
[INFO] [stderr]    Compiling unicase v1.4.2
[INFO] [stderr]     Checking log v0.3.9
[INFO] [stderr]     Checking mime v0.2.6
[INFO] [stderr]     Checking rand v0.3.23
[INFO] [stderr]     Checking url v1.7.2
[INFO] [stderr]     Checking hyper v0.10.16
[INFO] [stderr]     Checking hyper-native-tls v0.3.0
[INFO] [stderr]    Compiling serde_derive v1.0.115
[INFO] [stderr]     Checking twilio v0.1.3
[INFO] [stderr]     Checking envoy v0.1.0 (/opt/rustwide/workdir)
[INFO] [stdout] error[E0425]: cannot find function `path_exists` in this scope
[INFO] [stdout]   --> src/main.rs:14:8
[INFO] [stdout]    |
[INFO] [stdout] 14 |     if path_exists(&config_path) {
[INFO] [stdout]    |        ^^^^^^^^^^^ not found in this scope
[INFO] [stdout] 
[INFO] [stdout] 
[INFO] [stdout] error[E0425]: cannot find function `path_exists` in this scope
[INFO] [stdout]   --> src/main.rs:14:8
[INFO] [stdout]    |
[INFO] [stdout] 14 |     if path_exists(&config_path) {
[INFO] [stdout]    |        ^^^^^^^^^^^ not found in this scope
[INFO] [stdout] 
[INFO] [stdout] 
[INFO] [stdout] error[E0063]: missing fields `account_id`, `auth_token`, `src_number` in initializer of `Configuration`
[INFO] [stdout]   --> src/main.rs:19:8
[INFO] [stdout]    |
[INFO] [stdout] 19 |     Ok(Configuration {})
[INFO] [stdout]    |        ^^^^^^^^^^^^^ missing `account_id`, `auth_token`, `src_number`
[INFO] [stdout] 
[INFO] [stdout] 
[INFO] [stdout] error: aborting due to 2 previous errors
[INFO] [stdout] 
[INFO] [stdout] 
[INFO] [stdout] Some errors have detailed explanations: E0063, E0425.
[INFO] [stdout] 
[INFO] [stdout] For more information about an error, try `rustc --explain E0063`.
[INFO] [stdout] 
[INFO] [stderr] error: could not compile `envoy`.
[INFO] [stderr] 
[INFO] [stderr] To learn more, run the command again with --verbose.
[INFO] [stderr] warning: build failed, waiting for other jobs to finish...
[INFO] [stdout] error[E0063]: missing fields `account_id`, `auth_token`, `src_number` in initializer of `Configuration`
[INFO] [stdout]   --> src/main.rs:19:8
[INFO] [stdout]    |
[INFO] [stdout] 19 |     Ok(Configuration {})
[INFO] [stdout]    |        ^^^^^^^^^^^^^ missing `account_id`, `auth_token`, `src_number`
[INFO] [stdout] 
[INFO] [stdout] 
[INFO] [stdout] error: aborting due to 2 previous errors
[INFO] [stdout] 
[INFO] [stdout] 
[INFO] [stdout] Some errors have detailed explanations: E0063, E0425.
[INFO] [stdout] 
[INFO] [stdout] For more information about an error, try `rustc --explain E0063`.
[INFO] [stdout] 
[INFO] [stderr] error: build failed
[INFO] running `Command { std: "docker" "inspect" "66b78b493f73f1cdaa532b233dce6c9f4657cfb65f80049d749d4dd679f0f52f", kill_on_drop: false }`
[INFO] running `Command { std: "docker" "rm" "-f" "66b78b493f73f1cdaa532b233dce6c9f4657cfb65f80049d749d4dd679f0f52f", kill_on_drop: false }`
[INFO] [stdout] 66b78b493f73f1cdaa532b233dce6c9f4657cfb65f80049d749d4dd679f0f52f
